810) is divided by 11.
6
Suppose 0*d + 121 = 23*d - 1029. Suppose -4*o = o + 2*n - 224, 5*n = 3*o - 153. Calculate the remainder when d is divided by o.
4
Let f = 7 + -22. Let t = -235 - -259. Let s = t - f. Calculate the remainder when s is divided by 11.
6
Let a(y) = 3*y + 17. Let q be a(-3). Suppose -16*f = -q*f - 624. What is the remainder when 114 is divided by (f/5)/(-1 + 7/5)?
36
Let i be -3 + 3 + -1 + 17. Suppose -2*b - i = -4*h, -4*h - b + 19 = 3. What is the remainder when 15 is divided by h?
3
Let y be 3 + (3 + -3 - -6). Suppose y*i = 6*i + 66. Suppose -12 = g - i. Calculate the remainder when 37 is divided by g.
7
Suppose 92 = v - s, -51*v - 4*s = -46*v - 487. Calculate the remainder when v is divided by 44.
7
Let i(r) = 12*r + 48. Let c be i(-4). Let j be ((-26)/(-8))/((-1)/(-4)). Suppose -2*d + 9 + j = c. Calculate the remainder when 74 is divided by d.
8
Suppose 4*h + 3 + 21 = 0. Let k = h - -16. What is the remainder when 4 is divided by 350/(-105)*(-12)/k?
0
Let k = 1340 + 9351. Calculate the remainder when k is divided by 191.
186
Suppose -232*p = 72 - 566 - 434. Calculate the remainder when 74 is divided by p.
2
Let l = -54 + 74. Suppose -3*c + c + 300 = 0. Suppose i = 3*i - c. What is the remainder when i is divided by l?
15
Let y(l) = 2*l + 32. Let o be y(-12). Let h be (o - 13)*(-6)/10. Suppose 0 = -j, w = -3*w - h*j + 100. Calculate the remainder when 72 is divided by w.
22
Suppose 101*c - 6565 = -4444. What is the remainder when 4279 is divided by c?
16
Suppose 35*p - 10*p - 75 = 0. What is the remainder when 415/15 - (-4)/(-6) is divided by p?
0
Suppose 18*x + 1166 = 19274. Suppose 218 = 24*v - x. Calculate the remainder when 101 is divided by v.
50
Suppose 14*c - 39 = 9*c + 2*t, 4*c - 38 = 5*t. What is the remainder when 49 - ((-42)/c - -6) is divided by 14?
7
Suppose -79 = -3*o - 5*u, -95 = -3*o - 3*u + 2*u. Let l = -126 - -118. What is the remainder when o is divided by ((-72)/27)/((l/(-15))/(-4))?
13
Suppose -3*a - 14 = -317. Let w = -82 + a. Let n = 96 + -48. What is the remainder when n is divided by w?
10
What is the remainder when (-8)/(-64)*-4 + 1233/(-2)*-1 is divided by 206?
204
Let b(v) = -29*v + 381. Let m be b(0). Let l = -243 + m. What is the remainder when l is divided by 50?
38
Let m(c) = 59*c - 313. Calculate the remainder when 486 is divided by m(8).
9
Let f = 378 - 1626. What is the remainder when (-1)/2 + (-87)/(-6) is divided by 2*2/(-10) + f/(-195)?
2
Let g(j) = j**2 - 11*j + 26. Let d be g(9). Suppose -d*f - 22 = -174. What is the remainder when f is divided by 15?
4
Let y = -122 + 129. Suppose -6*r + y*r + 4*p + 4 = 0, r = -5*p - 8. Calculate the remainder when 107 is divided by r.
11
Let j be 11*(-1)/(-2)*-2. Let g be -3 + 1 - ((-3 - j) + -2). Let p = 22 - g. What is the remainder when p is divided by 11?
8
Suppose v + 190 = 5*o, 0 = 15*o - 11*o - 3*v - 141. Suppose -3*m - o = -5*n, 25*n = 23*n + 3*m + 12. What is the remainder when 151 is divided by n?
7
Let d(g) = g**3 + 12*g**2 + 3*g + 14. Let u be d(-12). Calculate the remainder when 34 is divided by 12/u + 8736/528.
2
Let j(p) = 2*p**2 + 2*p + 11. Calculate the remainder when j(-11) is divided by (-13)/(-195) + (-1184)/(-15).
73
Let k(u) = u**2 - 5*u - 6. Let d be k(-1). Suppose -184 = -4*y + 4*a, d = -3*y - 2*a - 2*a + 159. Calculate the remainder when y is divided by 13.
10
Suppose 200*d - 943 = 177*d. Let a(o) = -o - 18. Let y be a(14). Let w = 88 - y. Calculate the remainder when w is divided by d.
38
Calculate the remainder when 126 is divided by -8 - 203/14*-4.
26
Suppose -2*i + 3*c = -884 - 439, -2*c - 10 = 0. What is the remainder when i is divided by 187?
93
Suppose p - 8 + 29 = 2*u, 5*u = 4*p + 63. Calculate the remainder when 5913 is divided by u.
5
Let d(x) = x**3 + x**2 - 28*x + 17. Let o be d(-7). What is the remainder when (78/9)/((-9)/o) is divided by 10?
8
Let o be 5/(-5) - (2 - 65 - 1). Suppose -2*z - 75 = 37. Let q = o + z. Calculate the remainder when 53 is divided by q.
4
Suppose -p = -3, -51 = -0*q - 3*q - 3*p. Suppose -3*c + 29 - 5 = 0. Suppose -1 = -x, -c*b = -6*b + 5*x - 339. Calculate the remainder when b is divided by q.
13
Calculate the remainder when (1126/8)/((-37)/(-148)) is divided by 180.
23
Let r(k) = -2*k**2 + 5*k - 5. Let p be r(2). Let l(s) = -32*s - 29. What is the remainder when l(p) is divided by 2/(-1) - -1*25?
21
Suppose -4*n + 2*x + 534 = 0, 34 - 331 = -2*n - 5*x. Suppose -1186 = -14*t - n. Calculate the remainder when t is divided by 13.
10
Suppose -11*p = -285 - 122. Let z = -26 + 39. What is the remainder when p is divided by z?
11
Suppose 27072*h = 27102*h - 4620. What is the remainder when h is divided by 98?
56
Suppose -5*d - 375 + 1440 = 5*a, a = 5*d - 1023. Calculate the remainder when 402 is divided by d.
196
Suppose -3*b + 7 = 4*f, 3*f + 8 - 2 = 0. Suppose 0*u - a = u, b*a = 5*u. Suppose 4*t + 0*t - 144 = u. What is the remainder when t is divided by 13?
10
Let z(s) = -2*s + 2. Let r be (-683 - -2)*(-5 - 64/(-12)). Let x = r + 252. Calculate the remainder when x is divided by z(-4).
5
Let p(m) = -m + 247. Let h = -87715 - -87746. What is the remainder when p(0) is divided by h?
30
Let p(y) = -6*y**3 + 12*y + 15. What is the remainder when p(-2) is divided by 3?
0
Suppose -10*v + 608 = 2188. Suppose 4*s = 38 - 398. Let n = s - v. What is the remainder when n is divided by 19?
11
Suppose 6*y - 8*y + 6 = 0, 2*y - 23 = -z. Let l(p) = p**2 - 3*p + 6. Let s be l(4). Suppose 3*x - s = z. Calculate the remainder when 16 is divided by x.
7
Let v(b) = b**3 - 2*b**2 - 2*b - 51. Let g be v(7). Calculate the remainder when 205 is divided by 326/6 - g/135.
46
Let b = 186 + -302. Calculate the remainder when b/(-1334) + 640/46 is divided by 2/3*30/4.
4
Let x(y) = -y**2 + 12*y - 17. Let r be x(10). Suppose 112 = q + 4*q + w, 3*q - 5*w = 56. What is the remainder when q*((-2)/r - -1)*3 is divided by 3?
1
Let j(l) = 12*l + 61. What is the remainder when 2031/27 + 6/(-27) is divided by j(-4)?
10
Let x = -31 + 42. Let i(f) = -7*f - 6. Let z be i(-16). Suppose 3*l - 4*g - 74 = 0, 0 = 5*l - 2*l + 4*g - z. What is the remainder when l is divided by x?
8
Suppose -h + 154*l - 157*l + 439 = 0, -5*l - 25 = 0. What is the remainder when h is divided by 26?
12
Let u = -188490 - -188577. Calculate the remainder when u is divided by 1/(-3) + (-188)/(-6).
25
Let a = -333 + 551. Calculate the remainder when a is divided by (-15)/(-1*(-4)/(-20)).
68
What is the remainder when -19 - -1054 - (-25)/15*(2 + 1) is divided by 150?
140
Let o be (0 - -1 - -4) + (-19 - -15). What is the remainder when 118 - o/(-3*5/45) is divided by 21?
16
Suppose -14*k + 468 = -77 - 1961. Calculate the remainder when k is divided by 60.
59
Let x(a) = 353*a - 6927. What is the remainder when 2522 is divided by x(20)?
128
Let a = 69 + -67. Suppose -152 = -4*u + a*j, -4*j + 39 = -3*u + 143. What is the remainder when 110 is divided by u?
30
Suppose -5*q = -2*l - 198, q - 36 = -192*l + 196*l. Calculate the remainder when 919 is divided by q.
39
Let b = -80 - -84. Let p be (-10)/(2 - 16/b). What is the remainder when 11 is divided by (-1 - -3) + p + 6 + -7?
5
Let o(p) = -77*p**3 + 4*p**2 - 5. Let u be o(-2). Suppose 0 = -a + 6*a + 160. What is the remainder when u/27 - (a/18 - -2) is divided by 5?
3
Let u = -44 - -49. Suppose -2*d - 2*d + 2*i = -212, 0 = -4*d - u*i + 240. What is the remainder when 328 is divided by d?
53
Let l(a) = a - 11. Let m be 6 - 2 - 42 - (-8)/(-2). What is the remainder when m/(-28)*(-8)/(-6) is divided by l(13)?
0
Suppose -3*p + 5*x + 325 - 32 = 0, 4*x = p - 107. Let f = p + -38. Let v(y) = y**2 - 18*y + 95. Calculate the remainder when f is divided by v(9).
11
Suppose 6*k + 42 = 2*h, k + 32 = 2*h - 0*k. Let j = 11 + 18. Suppose 5*s = 6*s - j. What is the remainder when s is divided by h?
14
Let f = -301 + 316. Suppose 8*u - s = 4*u + f, 3*u + 4*s + 3 = 0. What is the remainder when 65 is divided by u?
2
Suppose -7*y = 28, 0 = 4*k - 26*y + 23*y - 112. Calculate the remainder when 1186 is divided by k.
11
Let s(a) = a**2 + 3*a - 13. Suppose -2*c + y = 6*y + 38, -c = -5*y - 11. Let q = c - -2. What is the remainder when s(q) is divided by 8?
7
Let r(z) = 2*z**3 - 10*z**2 - z + 18. Suppose 0 = s - 2*s + 115. What is the r